= j*a + 4*o - 68, -6*a + a - 3*o + 117 = 0. What is the highest common divisor of 32 and a?
8
Suppose 4*u - 4*j = 608, 83*u - 88*u = 2*j - 760. What is the greatest common divisor of u and 1444?
76
Suppose -2*c + f = 111, 2*c + f + 8 + 105 = 0. Suppose -232 = -7*o + 300. Let s = c + o. Calculate the highest common factor of s and 15.
5
Let k be (1218/87)/((-2)/(-4)). Calculate the greatest common divisor of 126 and k.
14
Suppose 3 = 3*k, f - 269 = 231*k - 228*k. What is the highest common divisor of f and 1496?
136
Let c = -70 + 73. Let x(o) = -2*o**2 + 2*o + 4. Let u be x(c). Let d be u/(-24) - (-2)/3. Calculate the highest common factor of 1 and d.
1
Suppose -r = -0*r + 6. Let b(i) = -2*i**3 + 7*i**2 + 5*i + 11. Let w be b(r). Suppose 3*f - w = -95. What is the greatest common factor of f and 76?
38
Suppose 6*i = 18 - 222. Let m be (-51)/i + 10/4. What is the greatest common divisor of 10 and m?
2
Suppose 5*n + 2*r - 4382 = -0*r, 4*r = -7*n + 6142. Calculate the greatest common divisor of 114 and n.
38
Let l = -112 + 464. Let g be (75/(-60))/((-2)/l). Let r(v) = -21*v**3 - v**2. Let y be r(-1). What is the highest common factor of g and y?
20
Let k be (-3)/((-15)/8045) + 42/(-6 + 0). Calculate the greatest common factor of 45 and k.
9
Let m(t) = -706*t - 4935. Let v be m(-7). Calculate the greatest common factor of 89 and v.
1
Suppose 5*o = 5*c + 8610, -25*o - 5*c - 6890 = -29*o. Calculate the highest common divisor of 43 and o.
43
Suppose -3*o + o = -46. Let m(d) = 13*d - 106. Let j be m(15). Suppose -5*w - j = -664. Calculate the greatest common factor of w and o.
23
Let a(k) = k**2 + 15*k + 15. Let f be a(-14). Let t be 174*((-1)/2 + f). Calculate the highest common factor of t and 3.
3
Let i(a) = -6*a - 45. Let r be i(-8). Let x be ((-42)/168)/(-1 + (-43)/(-44)). Let j = x - r. What is the highest common divisor of 4 and j?
4
Let v be 24*3*(-21)/(-18). Let p be ((-104)/6 - -8)/((-1)/6). Suppose -3*g = 20 - p. What is the highest common factor of g and v?
12
Let w be 6783/15 + -5 - (-24)/(-20) - 6. Calculate the highest common factor of 320 and w.
40
Let i = -2956 + 21831. What is the greatest common divisor of 25 and i?
25
Let k(s) = 2*s**2 - 11*s - 75. Let b be k(21). Suppose 18*z - 2*z - b = 0. Calculate the greatest common factor of 21 and z.
3
Let k(c) = c**3 + 19*c**2 - 40*c - 8. Let z be k(8). Calculate the greatest common factor of 168 and z.
56
Suppose -8*d + 22 = -6*d. Suppose 3*g + 12 = 7*g. Suppose g*u = 6*u - 330. Calculate the greatest common factor of d and u.
11
Let z be ((-16)/12 - (-348)/234) + (-2748)/(-52). What is the greatest common divisor of z and 26?
1
Let v(b) = 3*b - 21. Let u(w) = 6*w - 42. Let t(a) = -6*u(a) + 10*v(a). Let x = 3402 - 3407. Let i be t(x). What is the greatest common divisor of i and 54?
18
Let q(z) = -7*z - 10. Let k be q(-3). Let m = k - 7. Suppose m*x = 3*x + 36. What is the highest common divisor of x and 18?
18
Suppose 0 = m - 5*d - 18, 2*d = 3*d + 1. Let t = 17 - m. Suppose 2*q + 40 = t*p, 11 - 3 = 4*q. What is the greatest common divisor of 33 and p?
11
Let u = 4 - -17. Suppose -23*z = 4*o - 1361, -93*o = -97*o - 4*z + 1000. Calculate the greatest common factor of u and o.
21
Suppose -2 = -q + 25. Let a(t) = 10*t - 5. Let o be a(3). Let y be ((-18)/(-5))/(5/o). What is the highest common divisor of y and q?
9
Suppose 0 = 3*d - s + 6, -14*d + 11*d = 2*s + 6. Let t be 67 - (-11 + d - -5). Suppose 6*z = 4*z + 50. Calculate the greatest common factor of z and t.
25
Let y(m) = -m**3 - 10*m**2 - 9*m - 5. Let j be y(-9). Let g be (144/j)/(6/(-30)). Calculate the greatest common factor of 16 and g.
16
Let r be 1/((-834)/(-835) + 5 + -6). Let h = r - -841. Calculate the greatest common factor of 27 and h.
3
Suppose -68 = -4*s - 2*r - 3*r, 0 = 4*s - r - 44. Let n = 98 + -75. Suppose -5*d + 103 - n = 0. What is the highest common divisor of d and s?
4
Suppose 4*c - 2524 + 2336 = 0. Calculate the highest common divisor of c and 3337.
47
Let i = -484 + 488. Suppose 0 = j + 5*o - 69, -j - i*o + 99 = 29. Calculate the highest common factor of j and 37.
37
Let o = 587 + -411. Let j = -247 + o. Let a = -37 - j. What is the highest common divisor of 34 and a?
34
Let j(w) = 24*w**3 - 14*w**2 + 6*w - 172. Let r be j(8). Calculate the highest common divisor of r and 12.
12
Suppose -273 = -52*t + 1027. Suppose t*l - 3968 - 12832 = 0. What is the highest common factor of 42 and l?
42
Let x(d) = 4*d**2 - 227*d + 670. Let o be x(3). What is the highest common divisor of 115 and o?
5
Suppose 0 = 67*n - 74*n + 70. Suppose 0 = k + 5*k + 762. Let r = 197 + k. Calculate the greatest common factor of r and n.
10
Suppose l + 135 = -3*z, 156 + 579 = -5*l - 3*z. Let f = 166 + l. What is the greatest common factor of f and 208?
16
Let a(d) = d + 1. Let s(m) = -3*m + 3. Let q(b) = 6*a(b) + s(b). Let l be q(13). Let g = 99 + -63. What is the highest common divisor of l and g?
12
Let m(q) = 3*q**2 - 56*q - 16. Let u be m(19). Suppose 0*t + 2*l = 2*t - 50, -u*l + 93 = 4*t. What is the greatest common divisor of 18 and t?
6
Suppose -3*y - 4*m + 501 = -7*m, -3*m + 9 = 0. Calculate the highest common factor of y and 782.
34
Let r(f) = f**3 - 2*f**2 + f + 9. Let y be r(4). What is the highest common divisor of 72 and y?
9
Suppose 21*i - 22*i + 27 = -2*t, 4*i - t = 66. Let j = 745 + -460. Calculate the greatest common divisor of j and i.
15
Suppose -25*u = -581 - 1094. What is the greatest common factor of 6566 and u?
67
Let m(k) = -21*k**2 + 3*k**3 + 27*k**2 - 4*k**3 + 3*k - 7 + k. Let w be m(4). What is the greatest common divisor of 41 and w?
41
Suppose -9*v + 4309 = -3638. Let b = -876 + v. What is the highest common divisor of b and 91?
7
Suppose -3*l + 5*q + 238 = -4*l, q = -4*l - 971. Let g = l + 423. What is the greatest common divisor of g and 120?
60
Let f be 9/4*5504/129 - -3. Suppose 0 = -2*w + 12 + 42. What is the greatest common factor of f and w?
9
Suppose 0 = 3*i - 10 - 5. Suppose 2*k + 388 = -0*v - 3*v, -544 = 3*k - i*v. Let w = -111 - k. What is the highest common factor of w and 7?
7
Suppose m = 4*h - 209, 0 = 3*m + 2*h + 797 - 184. Let k = m - -216. What is the highest common divisor of k and 176?
11
Let g be (-2)/(-9) - 456/108 - 3. Let x be (-72)/(-9)*(-3 - g/2). Calculate the highest common divisor of x and 52.
4
Suppose -4*c + 6076 = y, -10*c + 18237 = 3*y - 7*c. Calculate the highest common divisor of 190 and y.
190
Let k(f) = 3*f**2 + 3*f - 35. Let b be k(12). Let q = 505 - b. Calculate the greatest common divisor of q and 198.
18
Suppose -2*m - 20 = -4*j, -5*j = -j + 3*m - 20. Let z be 15 + (-7 - -2)/j. Calculate the highest common factor of z and 28.
14
Let s(o) = 3841*o - 4904. Let z be s(4). What is the highest common factor of 20 and z?
20
Suppose -2 = -l - 5*g, 3*l - 78 = -29*g + 26*g. What is the highest common factor of l and 3376?
16
Let n = 178 + -113. Let y(w) = 6*w**3 - 220*w**2 - 61*w + 39. Let p be y(37). Calculate the highest common divisor of p and n.
65
Let f(i) = 3*i**2 - 3*i - 279. Let d be f(-16). Suppose -3*h = -5*o + d, 4*h + h = -o + 113. Calculate the greatest common divisor of 8 and o.
4
Suppose 41*i - 3285 - 9165 = -34*i. What is the greatest common factor of 6806 and i?
166
Suppose -92 = -q + 4*d, -5*d + 208 = q + 89. What is the greatest common factor of 136 and q?
8
Suppose 158*j - 205 + 47 = 0. Let v = -141 + 238. Calculate the highest common factor of v and j.
1
Suppose -14*t + 21*t + 19737 = 58*t. What is the highest common factor of t and 18?
9
Let y = -494 - -508. Suppose y*f - 1452 = 10*f. Calculate the greatest common divisor of 66 and f.
33
Suppose 3*v = -2*v + 120. Suppose 0*i - 16 + 1 = -5*i. What is the highest common factor of v and i?
3
Let m = 63 + -56. Let f(a) = a**3 - a**2 + 3*a + 3. Let t be f(4). Calculate the greatest common factor of m and t.
7
Let t be 39*1 + (3 - 2). Let a be (4 - (7 + -1))*70. Let f = 150 + a. Calculate the highest common factor of t and f.
10
Let i be ((-32)/(-6))/((-21 + 11)/(-30)). Let c = 55 - -9. Let s = c - -48. What is the highest common divisor of s and i?
16
Suppose -528 - 1012 = -22*o. Let s be (630/(-8))/(-1 - 9/(-12)). Calculate the highest common divisor of s and o.
35
Let u = 323 + 32. Let d = 789 - u. Calculate the gr